0 - 4032411?
-4032411
In base 14, what is aa + -1c7?
-11b
In base 7, what is 11 - 1414251?
-1414240
In base 5, what is 13102 - 1224?
11323
In base 4, what is -11 - -11311231113?
11311231102
In base 15, what is 3a1 - 8?
398
In base 13, what is 5687 + -10?
5677
In base 16, what is -2386 + -15?
-239b
In base 11, what is -11a2a - 8?
-11a37
In base 4, what is -1122 - -20323?
13201
In base 2, what is 1000100 + 100110000?
101110100
In base 2, what is -111001010010001111 - 111?
-111001010010010110
In base 2, what is -1001011010110010110100 - 10?
-1001011010110010110110
In base 8, what is 1 + -34707?
-34706
In base 5, what is 141311 - -211?
142022
In base 13, what is -7 + 12c0?
12b6
In base 6, what is -13523 + 22?
-13501
In base 7, what is -220 - -302?
52
In base 8, what is -1 + 1772215?
1772214
In base 4, what is -32 + -2100010?
-2100102
In base 3, what is -112 - 12020011011?
-12020011200
In base 13, what is -75c0 + 3?
-75ba
In base 2, what is 1101110111001000 + -100?
1101110111000100
In base 8, what is -160646 - 4?
-160652
In base 10, what is -3 + -619?
-622
In base 2, what is -1011 - -1010111?
1001100
In base 4, what is 3031 + 113132?
122223
In base 13, what is 404a - -4?
4051
In base 9, what is 680754 - 1?
680753
In base 16, what is -432 - -3e?
-3f4
In base 4, what is 102113 + 113?
102232
In base 7, what is 13402 - 36?
13333
In base 3, what is 1012 - 2021?
-1002
In base 15, what is 5d - 3a?
23
In base 5, what is 10412 - -101?
11013
In base 13, what is 334b + 1?
334c
In base 4, what is -10023 + -3322?
-20011
In base 6, what is 24 + -110214?
-110150
In base 14, what is 71 - c9d?
-c2c
In base 16, what is -db981 - -1?
-db980
In base 10, what is -7114 + 2?
-7112
In base 8, what is -72 - 3370?
-3462
In base 9, what is -1415 + 1133?
-272
In base 15, what is 1cbae + -4?
1cbaa
In base 6, what is 234 + 3014?
3252
In base 9, what is -214631 - -22?
-214608
In base 9, what is 1366 - -5?
1372
In base 2, what is -111101010 + 11111110110?
11000001100
In base 3, what is -11102022 - -2121?
-11022201
In base 10, what is 3 + -218356?
-218353
In base 12, what is 68170 + 5?
68175
In base 11, what is -17860 + 0?
-17860
In base 4, what is 3 + -2002001?
-2001332
In base 11, what is -3 + 43a39?
43a36
In base 14, what is 3 - 29c4?
-29c1
In base 15, what is -2 + -210e?
-2111
In base 16, what is 6f + a4cc?
a53b
In base 4, what is -13 + -10112122?
-10112201
In base 15, what is -107aa - 1?
-107ab
In base 3, what is 1001210012112 + -20?
1001210012022
In base 3, what is 222 + 10200002?
10201001
In base 16, what is 23 - -3321?
3344
In base 3, what is -2 - 20101201020?
-20101201022
In base 11, what is 4 + 68a9a3?
68a9a7
In base 5, what is 40413 + 113?
41031
In base 11, what is 5 + -59818?
-59813
In base 16, what is 1153e + 1?
1153f
In base 9, what is -583 - 205?
-788
In base 3, what is -10 - 211222021?
-211222101
In base 16, what is 4 - -12e39?
12e3d
In base 2, what is -1001101111100 - -11000?
-1001101100100
In base 4, what is -1030 + 1231003?
1223313
In base 15, what is -d + 255?
247
In base 9, what is 53763 - -8?
53772
In base 5, what is -203233340 - -10?
-203233330
In base 6, what is -100142 + 20?
-100122
In base 13, what is -155866 - 0?
-155866
In base 7, what is -6155056 - 5?
-6155064
In base 16, what is 80 + 244?
2c4
In base 12, what is 538 + 199?
715
In base 12, what is -6 + 96565?
9655b
In base 15, what is 8bb - -4a5?
d71
In base 3, what is 22010020 + 1?
22010021
In base 10, what is -60 - 491?
-551
In base 5, what is -4 - 22114444?
-22120003
In base 9, what is 3 - -12806?
12810
In base 13, what is -ba258 - -5?
-ba253
In base 11, what is -7893 + 5?
-7889
In base 5, what is 42 + -220300?
-220203
In base 5, what is -3 - 10414?
-10422
In base 13, what is 5 + c0?
c5
In base 16, what is 3 + 604c?
604f
In base 11, what is 691 - 525?
167
In base 4, what is 3 - 302033?
-302030
In base 15, what is -1 - -2c48c?
2c48b
In base 14, what is -89 + -647?
-6d2
In base 8, what is -33742635 - 5?
-33742642
In base 6, what is -3111 + -5332?
-12443
In base 10, what is -312 + -117?
-429
In base 3, what is 112022 + -1200?
110122
In base 9, what is 118 - 347?
-228
In base 9, what is 62 - -84638?
84711
In base 10, what is 0 + 4233?
4233
In base 14, what is 3795a - 2?
37958
In base 12, what is 4 + 3478?
3480
In base 15, what is -10 + -1bdc?
-1bec
In base 2, what is -110011111 - -101001001011?
100010101100
In base 5, what is 30304012 + 2?
30304014
In base 7, what is 105 + -505?
-400
In base 3, what is 22010 - 2020?
12220
In base 5, what is 3000 + -301141?
-243141
In base 3, what is -1111000 - 10?
-1111010
In base 5, what is -102241104 - 12?
-102241121
In base 5, what is 43 + -2234?
-2141
In base 3, what is 1121200010 - 2?
1121200001
In base 16, what is 2b - -f1a8?
f1d3
In base 16, what is -38 - -3ed?
3b5
In base 16, what is -165 - -3a8?
243
In base 13, what is -443 - 382?
-7c5
In base 4, what is -210112110 + 2?
-210112102
In base 2, what is -10101100000 + -100100111?
-11010000111
In base 8, what is 1055144 + 2?
1055146
In base 13, what is 124b28 - -4?
124b2c
In base 15, what is -3 + -67ca?
-67cd
In base 5, what is -30 - -13232?
13202
In base 4, what is 311311233 - 21?
311311212
In base 6, what is 1 + -12424051?
-12424050
In base 16, what is 72f0 + 1e?
730e
In base 12, what is -ba1 + -65?
-1046
In base 16, what is -174c - -a?
-1742
In base 14, what is 5814d + -4?
58149
In base 14, what is -72521 + -3?
-72524
In base 3, what is 110020 - 2022?
100221
In base 15, what is 1 - -14c56?
14c57
In base 13, what is -1aac0 - 5?
-1aac5
In base 4, what is -1 + -10012202?
-10012203
In base 7, what is -3 - 114211?
-114214
In base 2, what is -1110111 + -1001111101011?
-1010001100010
In base 11, what is 3 - 192?
-18a
In base 8, what is -1 - 413023?
-413024
In base 2, what is -111 - -1001110001100011?
1001110001011100
In base 8, what is -21 + 306474?
306453
In base 15, what is -e - 25a3?
-25b2
In base 6, what is 102 - 135053?
-134551
In base 6, what is -5252404 + -10?
-5252414
In base 7, what is 126661 + 303?
130264
In base 13, what is -1b6 - -192?
-24
In base 9, what is 0 - 138718?
-138718
In base 3, what is 110 - 2001000202?
-2001000022
In base 10, what is 1288 - -72?
1360
In base 14, what is -a3c37 + -3?
-a3c3a
In base 12, what is -16a - -1256?
10a8
In base 14, what is 1c - 35?
-17
In base 2, what is 0 - -11010000110101?
11010000110101
In base 14, what is -2 - 299190?
-299192
In base 9, what is -4612 - 284?
-5006
In base 12, what is -51 + -55301?
-55352
In base 6, what is 0 + -331?
-331
In base 7, what is -11611116 + -3?
-11611122
In base 11, what is 172 + 968?
102a
In base 3, what is -200200222 - 112111?
-201020110
In base 4, what is 230310 + 1213?
232123
In base 10, what is 78 + 1441?
1519
In base 9, what is -30 - -14211?
14171
In base 3, what is 21110022 - -100?
21110122
In base 6, what is 113021 + -5?
113012
In base 8, what is -1320066 + -7?
-1320075
In base 4, what is -11212313 - 13?
-11212332
In base 15, what is 6dcb - -5?
6dd1
In base 6, what is 4245455 - 13?
4245442
In base 16, what is 2e - 574e?
-5720
In base 8, what is 4 - -5450663?
5450667
In base 14, what is -1b6b34 - -2?
-1b6b32
In base 10, what is 0 - 16142?
-16142
In base 16, what is 20 - 6?
1a
In base 8, what is -1 + -1327635?
-1327636
In base 14, what is -54d - 5?
-554
In base 10, what is 179 + 19?
198
In base 10, what is -397716 + 0?
-397716
In base 5, what is 1 - -3302?
3303
In base 2, what is 1010001 + 11010101000?
11011111001
In base 2, what is -1100010011 - 101?
-1100011000
In base 10, what is 6 + 1003123?
1003129
In base 7, what is 413 - -560?
1303
In base 11, what is 506 + -3303?
-28a8
In base 14, what is 10 + -861?
-851
In base 6, what is 104232 - 110?
104122
In base 3, what is -11120010201101 + 2?
-11120010201022
In base 14, what is 1 - -5d987?
5d988
In base 11, what is -177a + -12?
-1791
In base 12, what is -b1a - -9a?
-a40
In base 9, what is 1434455 + -8?
1434446
In base 13, what is -1 - 781c?
-7820
In base 8, what is -2513205 - -2?
-2513203
In base 12, what is 3 - -149b28?
149b2b
In base 8, what is 4134543 - 5?
4134536
In base 16, what is -536 + -94?
-5ca
In base 11, what is -2962a6 + -3?
-2962a9
In base 9, what is 25 + -75107?
-75072
In base 9, what is 564427 - 3?
564424
In base 8, what is 5220 - -13?
5233
In base 5, what is 110222301